
What is the remainder when 580229 is divided by 29?
26
What is the remainder when 594920 is divided by 4?
0
What is the remainder when 96830 is divided by 203?
202
Calculate the remainder when 53340 is divided by 9.
6
Calculate the remainder when 149119 is divided by 189.
187
Calculate the remainder when 597772 is divided by 640.
12
Calculate the remainder when 164639 is divided by 160.
159
Calculate the remainder when 672906 is divided by 336446.
14
Calculate the remainder when 16369 is divided by 8180.
9
Calculate the remainder when 434 is divided by 42.
14
Calculate the remainder when 40749 is divided by 4072.
29
What is the remainder when 2493517 is divided by 1136?
1133
What is the remainder when 54034 is divided by 27?
7
Calculate the remainder when 2090726 is divided by 104536.
6
What is the remainder when 10264 is divided by 312?
280
Calculate the remainder when 20966 is divided by 1164.
14
Calculate the remainder when 462997 is divided by 1279.
1278
Calculate the remainder when 12415 is divided by 4131.
22
Calculate the remainder when 26148 is divided by 54.
12
Calculate the remainder when 9706 is divided by 513.
472
What is the remainder when 388121 is divided by 75?
71
Calculate the remainder when 41696 is divided by 41583.
113
What is the remainder when 380041 is divided by 28?
25
What is the remainder when 671928 is divided by 643?
636
What is the remainder when 5025 is divided by 103?
81
Calculate the remainder when 416305 is divided by 226.
13
What is the remainder when 624 is divided by 503?
121
Calculate the remainder when 847 is divided by 290.
267
What is the remainder when 8021 is divided by 890?
11
Calculate the remainder when 275 is divided by 99.
77
Calculate the remainder when 1026 is divided by 335.
21
What is the remainder when 27793 is divided by 36?
1
Calculate the remainder when 70629 is divided by 35311.
7
What is the remainder when 7829 is divided by 1850?
429
Calculate the remainder when 10457 is divided by 1094.
611
What is the remainder when 2749 is divided by 23?
12
Calculate the remainder when 41048 is divided by 50.
48
What is the remainder when 645658 is divided by 153?
151
Calculate the remainder when 359466 is divided by 119799.
69
What is the remainder when 783 is divided by 698?
85
Calculate the remainder when 2848 is divided by 907.
127
What is the remainder when 15911 is divided by 5265?
116
What is the remainder when 11974 is divided by 106?
102
What is the remainder when 42403 is divided by 10593?
31
What is the remainder when 404059 is divided by 57722?
5
What is the remainder when 6025 is divided by 15?
10
Calculate the remainder when 1520 is divided by 59.
45
What is the remainder when 55620 is divided by 29?
27
Calculate the remainder when 2092 is divided by 356.
312
Calculate the remainder when 189436 is divided by 410.
16
Calculate the remainder when 35130 is divided by 11706.
12
What is the remainder when 49213 is divided by 14?
3
Calculate the remainder when 7973 is divided by 664.
5
Calculate the remainder when 12824 is divided by 72.
8
What is the remainder when 8610 is divided by 2828?
126
What is the remainder when 3091 is divided by 778?
757
Calculate the remainder when 14373 is divided by 66.
51
Calculate the remainder when 84716 is divided by 161.
30
Calculate the remainder when 3757 is divided by 1155.
292
Calculate the remainder when 1465 is divided by 480.
25
Calculate the remainder when 2548 is divided by 272.
100
Calculate the remainder when 1675 is divided by 26.
11
What is the remainder when 67711 is divided by 16923?
19
What is the remainder when 30725 is divided by 54?
53
Calculate the remainder when 272 is divided by 61.
28
What is the remainder when 23926 is divided by 2648?
94
What is the remainder when 911 is divided by 883?
28
What is the remainder when 701161 is divided by 1099?
1098
What is the remainder when 271594 is divided by 40?
34
What is the remainder when 410049 is divided by 136679?
12
Calculate the remainder when 31633 is divided by 15813.
7
What is the remainder when 994 is divided by 223?
102
Calculate the remainder when 19815 is divided by 718.
429
Calculate the remainder when 127411 is divided by 140.
11
What is the remainder when 21009 is divided by 309?
306
Calculate the remainder when 28705 is divided by 49.
40
Calculate the remainder when 985 is divided by 68.
33
What is the remainder when 15927 is divided by 25?
2
Calculate the remainder when 117177 is divided by 39.
21
What is the remainder when 11585 is divided by 3858?
11
What is the remainder when 50451 is divided by 28?
23
Calculate the remainder when 7896 is divided by 38.
30
What is the remainder when 148907 is divided by 805?
787
Calculate the remainder when 33278 is divided by 314.
308
Calculate the remainder when 10458 is divided by 19.
8
What is the remainder when 820 is divided by 756?
64
Calculate the remainder when 21513 is divided by 4242.
303
Calculate the remainder when 9486 is divided by 695.
451
Calculate the remainder when 178667 is divided by 11.
5
Calculate the remainder when 5470 is divided by 304.
302
Calculate the remainder when 8705 is divided by 224.
193
What is the remainder when 8654 is divided by 170?
154
What is the remainder when 70003 is divided by 92?
83
Calculate the remainder when 21932 is divided by 645.
2
Calculate the remainder when 9847 is divided by 25.
22
Calculate the remainder when 69672 is divided by 1161.
12
What is the remainder when 153379 is divided by 21908?
23
What is the remainder when 8922 is divided by 594?
12
What is the remainder when 46716 is divided by 142?
140
What is the remainder when 637 is divided by 575?
62
What is the remainder when 8467 is divided by 324?
43
Calculate the remainder when 101084 is divided by 6317.
12
Calculate the remainder when 2198 is divided by 71.
68
Calculate the remainder when 10692 is divided by 5337.
18
Calculate the remainder when 20581 is divided by 41.
40
Calculate the remainder when 22138 is divided by 2458.
16
What is the remainder when 53346 is divided by 57?
51
Calculate the remainder when 80970 is divided by 40467.
36
Calculate the remainder when 36126 is divided by 154.
90
What is the remainder when 2322122 is divided by 474?
470
Calculate the remainder when 9671 is divided by 1932.
11
What is the remainder when 54016 is divided by 18002?
10
What is the remainder when 18235 is divided by 4512?
187
Calculate the remainder when 98798 is divided by 276.
266
Calculate the remainder when 56579 is divided by 276.
275
Calculate the remainder when 140073 is divided by 23.
3
What is the remainder when 76632 is divided by 393?
390
What is the remainder when 1595090 is divided by 293?
291
What is the remainder when 3202 is divided by 146?
136
Calculate the remainder when 267100 is divided by 502.
36
Calculate the remainder when 33331 is divided by 11047.
190
What is the remainder when 29853 is divided by 73?
69
Calculate the remainder when 4695451 is divided by 63.
61
What is the remainder when 285973 is divided by 71?
56
Calculate the remainder when 766004 is divided by 34.
18
Calculate the remainder when 8572 is divided by 8422.
150
Calculate the remainder when 1442926 is divided by 313.
309
Calculate the remainder when 104726 is divided by 18.
2
Calculate the remainder when 9567 is divided by 108.
63
What is the remainder when 27580 is divided by 1721?
44
What is the remainder when 63909 is divided by 603?
594
What is the remainder when 10551 is divided by 234?
21
What is the remainder when 5819 is divided by 82?
79
What is the remainder when 34710 is divided by 738?
24
What is the remainder when 17750 is divided by 971?
272
Calculate the remainder when 1504 is divided by 1502.
2
What is the remainder when 1393 is divided by 1376?
17
Calculate the remainder when 36865 is divided by 473.
444
Calculate the remainder when 32797 is divided by 400.
397
What is the remainder when 12381 is divided by 16?
13
What is the remainder when 1100 is divided by 511?
78
What is the remainder when 38176 is divided by 27?
25
Calculate the remainder when 44251 is divided by 11059.
15
What is the remainder when 134 is divided by 44?
2
What is the remainder when 3593 is divided by 19?
2
Calculate the remainder when 116040 is 